 6/(-14)?
1
Suppose 76*v - 73*v - 165 = 0. What is the units digit of v?
5
Let c(l) = -7*l - 3. Let p(j) = j. Let w(i) = -c(i) + 3*p(i). What is the units digit of w(3)?
3
Let q = 262 - 117. What is the tens digit of q?
4
Let d(b) = 3*b**2 + 4 + 3*b + 0 - 4*b**2. Let j be d(-3). What is the units digit of (-66)/j + 2/7?
5
Let q be (1 - (-7 + 0))*2. Suppose 2*s = 2*r + q, 0 = 5*s + 4*r - 1 - 12. What is the units digit of s?
5
Let z be 5*1 - (3 - 0). Let s be 74/6 + z/(-6). Suppose 3*r - 42 = -s. What is the tens digit of r?
1
Suppose b + 2*v - 4 = -b, 5*v = 4*b + 37. Let z(g) = -g**3 - 2*g**2 + 3. What is the tens digit of z(b)?
1
Let s = 3 + -2. What is the units digit of (3*1)/(s/5)?
5
Suppose -4*a + 388 = -0*a. What is the units digit of 2/(-8) + a/4?
4
Suppose 3*s = -3 - 21. Let t(p) = p**2 + 7*p + 8. What is the units digit of t(s)?
6
Let i(a) = -a**3 - 8*a**2 - 8*a - 2. Let p be (-6)/(-2) + -4 + -6. What is the units digit of i(p)?
5
Let z = -6 + 11. Let c be (6/4)/(1/22). Suppose -18 = -j - 4*l, j - 3*j - z*l = -c. What is the tens digit of j?
1
Suppose 4*m = 2 + 62. What is the units digit of m?
6
Suppose 7 = 2*u + 355. What is the tens digit of u/(-8) - 4/(-16)?
2
Suppose -12 = -4*p, 0 = 4*v - 5*p - 395 + 166. What is the tens digit of v?
6
Suppose 2*a + 2*a + s + 2 = 0, -3*s + 2 = 4*a. Let r be (-1 - 1) + a + -1. What is the units digit of r*(-1)/2 - -1?
3
Let v(b) = 9*b. Let z be v(1). Suppose c + 2*c = z. What is the units digit of c?
3
Suppose -3*r - 6 = -6*r. What is the units digit of -12 + 19 - 0/r?
7
Suppose 5*k = -5*z + 155, -k + 4*k - 4*z = 128. What is the tens digit of k?
3
Let u(a) be the first derivative of -a**2/2 + 11*a - 1. Let w = -6 - -11. What is the units digit of u(w)?
6
Suppose -3*i - 16 = -2*y + 5, -5*y + 3*i + 30 = 0. Let z(d) = -d - 3. Let f be z(-3). Let h = y + f. What is the units digit of h?
3
Suppose 0 = 4*x + 3*a - 179, 58 = -4*x - a + 243. What is the tens digit of x?
4
Let l = 17 + 2. What is the units digit of l?
9
Let h = 14 - 23. Let i = -9 - h. What is the tens digit of 22 - (-3 + 5 + i)?
2
Let k(j) = j**3 + 5*j**2 + 3*j + 1. Let x be k(-4). Suppose 0 = -3*h + x + 1. What is the units digit of h?
2
What is the units digit of (-10 + -47)/(((-15)/(-8))/(-5))?
2
What is the units digit of -12*(14/(-6) - -2)?
4
Let a(i) = -i**2 - 6*i. Let v be a(-6). Suppose h = -v*h + 46. Suppose 9*c - k = 4*c + 34, -5*c + 4*k + h = 0. What is the units digit of c?
6
Let i be 156/15*(-10)/(-4). Suppose -5*f + 4*f + i = 0. What is the units digit of f?
6
Let y(u) = 5*u - 2. Let h = 8 + -3. What is the tens digit of y(h)?
2
Suppose -x - 2*x = 5*j - 56, 5*x = -2*j + 11. Let q = 1 + j. What is the units digit of 9/21 + 78/q?
6
Let h(b) = 2*b - 19. Let v be h(9). Suppose -4 = -j - u, -j = -0*j + 5*u. What is the tens digit of (4/j)/(v/(-20))?
1
Let z(g) = -g**3 + 5*g**2 + 3*g - 2. Let w be z(5). Let y = -8 + w. Suppose -2*j - s + 2*s = -16, y*j - 55 = -5*s. What is the units digit of j?
9
Suppose 0 = -4*x + 3*x + 5. Suppose -p - 8 - 35 = -x*q, -3*q = -4*p - 104. Let o = -16 - p. What is the units digit of o?
7
Suppose 0 = -0*z + 3*z - 12. Suppose -z*q = 24 - 92. What is the units digit of q?
7
Let p = -56 + 107. What is the tens digit of p?
5
Let h(m) = -7*m - 1 - 11 + 4*m. What is the units digit of h(-15)?
3
Let g(x) = -x**2 - 33*x - 17. What is the tens digit of g(-20)?
4
Let q(l) = 3*l - 10. Let t be q(4). Suppose 3*x + t*n - 132 = 0, -x - 5*n + 61 = -10*n. What is the tens digit of x?
4
Let v(a) = a**3 - 10*a**2 + a + 14. Let m be v(10). Let u = m - 6. What is the units digit of u?
8
Suppose 81 = 7*p - 136. What is the units digit of p?
1
Suppose -3*j + 661 = -5*z + 141, z + 4*j + 104 = 0. Let a = -72 - z. What is the tens digit of a?
3
Let v = 125 - 81. Suppose -5*z - 41 = -5*k + v, 5*k - 3*z = 87. What is the units digit of ((-8)/12)/((-4)/k)?
3
Let i(n) = n**3 - 22 + 19 - 2*n**2 + n**2 + 2*n. Let t be i(2). Suppose 2*o = 0, 0 = t*y - 3*o - 30 - 60. What is the tens digit of y?
1
Let m(q) = -2 + 3*q + 0*q - 2*q - 2*q**3. Let b be m(-2). Suppose 2*v + 4 = b. What is the units digit of v?
4
Let a = 5 + -3. Suppose -a*x = 1 - 13. What is the units digit of x?
6
Let v = -167 - -258. What is the tens digit of v?
9
Let q = 44 + -29. What is the tens digit of q?
1
Let s = -11 - -15. Suppose s*o - 3 - 9 = 0. Suppose -l = -o*l + 20. What is the units digit of l?
0
Let u = 45 + -21. Let x = -9 + u. Let o = x + -10. What is the units digit of o?
5
Let k(p) = p**2 + p + 12. Let h be k(-9). Suppose t + 0*t - 4*u = 13, -5*t + h = -u. What is the units digit of t?
7
What is the units digit of (-6)/(-4) - (-52)/8?
8
Let v be (-224)/10 - (-2)/5. Let f be (1/(-2))/(2/(-4)). What is the tens digit of (v/4)/(f/(-2))?
1
Let j(k) = k**3 - 10*k**2 + 4*k - 24. What is the units digit of j(10)?
6
Let v(q) = q**3 - 7*q**2 + 8*q - 12. Let r be v(6). Let l be (3 + -1)*4/(-1). What is the units digit of (1 - l) + 0 + r?
9
Let w = -82 + 117. Suppose 0 = 5*b - f - 4*f - w, 4*f = -b - 8. What is the units digit of b?
4
Let j be 3/(6/4) + 1. Suppose -4*l = 3*n - 57, 2*l + 0*l - j*n - 33 = 0. What is the units digit of l?
5
Suppose 0 = -4*i + 52. What is the units digit of i?
3
Let d(c) = c**3 + 4*c**2 - 8*c - 11. What is the units digit of d(-5)?
4
Let k = -12 + 17. What is the tens digit of 2/5 - (-58)/k?
1
What is the units digit of (-3 - -8) + -3 + 88 + -4?
6
What is the units digit of 1*4/(-8)*-8?
4
Let r = 1 - -4. Let v = 9 - r. Suppose -v*z + 18 = 2*m, -4*z + 23 + 10 = 5*m. What is the units digit of z?
2
Let k(p) = -p - 7. Let i be k(-7). Suppose 0 = -i*m - m. Suppose m = -r + 2*r - 2. What is the units digit of r?
2
Let z = -3 - 1. Let c(s) = -2*s. Let k(w) = w - 1. Let b(r) = z*c(r) - 3*k(r). What is the units digit of b(3)?
8
Let u = -7 + 4. Let p(b) = b**2 - b - 3. What is the units digit of p(u)?
9
Suppose 24*h + 272 = 26*h. What is the units digit of h?
6
Let h = -3 + 5. Let y(c) = 3*c**2 - 2*c - 1. What is the units digit of y(h)?
7
Let m(a) be the second derivative of a**4/2 - a. Let h = 2 + -3. What is the units digit of m(h)?
6
Suppose -i + l = -11, -6*i = -i + l - 73. What is the tens digit of i?
1
Let n = -3 - -3. Let a = n + -1. Let s = a + 2. What is the units digit of s?
1
Suppose 0 = 2*j + 2*j. What is the units digit of (-3)/(j - 3) + 8?
9
Let o be 2/(5/(15/2)). Suppose -120 + 27 = o*a. Let v = -17 - a. What is the tens digit of v?
1
What is the units digit of 6/(-4)*8/(-12)?
1
Suppose 0*a - 5 = -a. Suppose -a*q - 4 + 234 = 0. Suppose 5*m - q - 39 = 0. What is the units digit of m?
7
Suppose c + 4*s - 46 = -c, -3*s = 9. What is the tens digit of -4 + (-2 - -4) + c?
2
Let j = 95 + -92. What is the units digit of j?
3
Suppose -132 = -2*o - o. What is the units digit of o?
4
Let t(l) = 2*l - 3. Let z(i) = i**3 - 9*i**2 + 6*i + 9. Let s be z(8). Let b be 4/(-14) + (-37)/s. What is the units digit of t(b)?
7
Let b(i) = i**3 - 2*i**2 - 3*i - 2. Suppose 6 = j + 2. Let k be 2/(j/(-2)) + 5. What is the units digit of b(k)?
8
Suppose -225 = 2*g + 3*g. What is the tens digit of ((-36)/g)/(1/15)?
1
Let p = 1 - -18. Suppose -p = 3*w - 58. What is the units digit of w?
3
Suppose 0 = -7*o + 5*o - 6. Let b be (-3)/(-9) + (-23)/o. What is the units digit of b/44 + (-31)/(-11)?
3
Let k = -7 - -11. Suppose u + 3*b + 0*b = 1, -18 = -k*u + 2*b. What is the units digit of u?
4
Let h(p) = -p**2 - 6. Let k(u) = -u**3 + 3*u**2 - u + 3. Let j be k(3). Let i be h(j). Let w = i - -11. What is the units digit of w?
5
Suppose 2*f - 12 = -f. Suppose 5*j + 3*c - 17 = 28, -f*c - 9 = -j. What is the units digit of j?
9
Suppose 0*o - 174 = -2*o. What is the units digit of o?
7
Let x = 144 - 105. What is the tens digit of x?
3
Let z(u) = -11*u - 38. What is the units digit of z(-19)?
1
Let d(f) = 1 + 0 - 2*f - 4*f. Let h be d(2). Let s = h - -16. What is the units digit of s?
5
Suppose -b - 7 = -1. Let g = b - -8. What is the units digit of g?
2
Let y be (-2)/(-1 + -1) + 1. Let g(n) = 2*n + 6. Let f(q) = 4*q + 12. Let s(p) = y*f(p) - 5*g(p). What is the units digit of s(-5)?
4
Let b(c) = c**2 + 8*c - 10. Suppose -3*f = -6*f - 4*j - 47, 2*j = -10. Let m be b(f). Let h = 1 - m. What is the units digit of h?
2
What is the units digit of (-7 - -4) + (-10)/(-